23. Is i composite?
True
Let t(f) = 5*f**2 + 2*f - 2. Let y(n) = n**2 + n. Let j = -6 + 7. Let m(a) = j*t(a) - 2*y(a). Is m(-3) a composite number?
True
Suppose 14*z = 26*z - 4692. Is z a prime number?
False
Suppose -5*l - 6 = -1. Let n = 3 - l. Suppose 55 = 4*i - o - 33, -n*i - 2*o = -100. Is i prime?
True
Let d = -8 + 6. Suppose 4 = -x - x. Is (-1*(x - -16))/d a prime number?
True
Let n(v) = 56*v + 5. Is n(6) a prime number?
False
Let d(w) = 30*w**2 + w + 3. Is d(-2) a prime number?
False
Let s = -35 - -10. Let n = 294 - s. Is n prime?
False
Suppose -n - 1772 = -3*n + 2*m, -2682 = -3*n - 5*m. Is n a prime number?
False
Suppose -10*n = -5*n - 10. Suppose n*r - 246 - 172 = 0. Is r a composite number?
True
Let y(p) = -p**2 + 9*p - 9. Let w(m) = 4*m**2 - 28*m + 27. Let z(k) = 2*w(k) + 7*y(k). Let s be z(-7). Is (-6)/s + (-110)/(-6) a prime number?
True
Let w be 9 + (0 - 3)*1. Is (w/(-15))/((-3)/165) composite?
True
Is -9187*1/(-11) - 26/143 composite?
True
Suppose 0 = 4*p + 3 + 1. Let i(j) = j**2. Let a(h) = 6*h**2 - h - 53. Let t(v) = p*a(v) + 5*i(v). Is t(0) a prime number?
True
Let g(f) = -513*f + 1. Is g(-2) composite?
True
Suppose -m = -3*m + 388. Let w be 42/(-35)*(-10)/4. Suppose w*b = b + m. Is b a prime number?
True
Is ((-382)/3)/(6/(-9)) a prime number?
True
Let x(s) = -24*s**3 + 3*s**2 - 2*s. Let o be x(3). Let l = o - -962. Is l prime?
False
Suppose 0*z = -3*z + 57. Is z a composite number?
False
Let n(q) = 2217*q**2 + 2*q - 2. Is n(1) a composite number?
True
Suppose 0 = u + 5*b + 20, 0 = -7*u + 4*u - 3*b - 84. Is ((-82)/4)/(3/u) composite?
True
Let s = 1839 - 1136. Is s composite?
True
Suppose -3*h + 0*h = -369. Is h prime?
False
Suppose 2*t = -2*t - 16. Let q be 15/(-5) + (0 - t). Is (3/q)/1 + 32 prime?
False
Suppose -2*z - 2 = -z. Let s be z/(-4)*-5*26. Let d = -44 - s. Is d a prime number?
False
Let h(b) = b**3 + b**2 + b - 37. Let t be h(0). Let q = -22 - t. Is q composite?
True
Let t = 6 - 7. Let x be (410/(-8))/(t/(-4)). Let s = 396 + x. Is s composite?
False
Let a be (-2)/(-3) + 21/9. Is 1*(-2 + a + 330) composite?
False
Let w = 125 + -70. Suppose 120 + w = 5*s. Is s a composite number?
True
Suppose i + 265 = 6*i. Is i a prime number?
True
Is (-1574)/3*9/(-6) a composite number?
False
Suppose -3*g + 2050 = -g. Suppose 2*t - 136 = -5*i + 246, 5*t - g = 5*i. Is t a prime number?
False
Let t = -36 - 13. Let u = 80 + t. Is u a prime number?
True
Suppose g = 2*g - 4*h - 3, -h + 63 = 4*g. Suppose -647 = -4*b + k, 3*b - 2*k - 464 = g. Is b a prime number?
True
Let f(v) = v**3 + 5*v**2 - v + 1. Let x be f(-4). Suppose -x = 3*c - 222. Is c a composite number?
False
Suppose 0 = -a + 953 + 198. Is a prime?
True
Suppose -5*i + 2*j = -5679, 0*i = -2*i + j + 2272. Is i a composite number?
True
Let i(j) be the second derivative of -j**3/6 - 5*j**2/2 - j. Let w be i(-7). Is 1/(w - (-69)/(-35)) composite?
True
Suppose k = -4*r + 102, 0*r - 3*r + 4*k + 67 = 0. Let v = -3 + 6. Suppose r = v*n - 176. Is n a composite number?
False
Let x = -16 + 18. Suppose 0 = -x*m - m + 987. Is m a composite number?
True
Suppose 2*r = -10*r + 39252. Is r prime?
True
Suppose -g + 191 = 42. Is g a prime number?
True
Suppose 0 = -0*o + o - 2. Suppose 6*f - o*t = 4*f + 378, t = -5*f + 921. Is f a composite number?
True
Suppose 5*p - 8 = 2. Suppose p*m + 0*m = 42. Is m composite?
True
Let u = 517 + -296. Is u prime?
False
Let z be (4/(-6))/((-16)/(-24)). Is (-214 - z)*1/(-3) composite?
False
Let f = 16 - -21. Is f composite?
False
Suppose -1011 = 8*l - 9*l. Suppose l = 3*g + 90. Is g a composite number?
False
Let n(t) = 0 - 3 - 3*t + 0*t. Let j be n(3). Is ((-47)/(-4))/((-3)/j) composite?
False
Let a = -127 + 216. Is a a composite number?
False
Suppose -10*i = -8556 - 554. Is i a composite number?
False
Let i(r) = r - 2. Let k be i(3). Is (-256)/(-3) - k/3 a composite number?
True
Let r(j) = -j - 6. Let f be r(-6). Suppose f = 5*n + 3 - 338. Is n a composite number?
False
Let r(o) = -5*o**2 + 1 + 3*o**2 + 3*o**2 - 4*o. Is r(7) a prime number?
False
Suppose 0 = 6*o + 1778 - 5588. Is o a prime number?
False
Let m(c) be the third derivative of c**5/60 - c**4/24 + 2*c**3/3 + 4*c**2. Is m(3) composite?
True
Let d(j) = -j**3 + 2*j**2 - j. Let u be d(2). Let q be u - -4*1*12. Suppose -i + q - 13 = 0. Is i prime?
False
Suppose -a + 3*a - 5*u + 6 = 0, 5*a = u - 15. Let v(w) be the first derivative of -3*w**4/4 - w**3 + 3*w**2/2 + 4*w + 1. Is v(a) a composite number?
True
Let y be 13/(-2) - 2/(-4). Let l(m) = -m**2 - 7*m - 1. Let g be l(y). Suppose -5*o + 188 - 53 = -g*v, -o - 3*v + 43 = 0. Is o composite?
False
Let n(x) = 2*x**3 - 8*x**2 + 4*x + 5. Let g be n(5). Let f(d) = -d**3 - 7*d**2 - 5*d. Let m be f(-6). Let z = m + g. Is z prime?
False
Let u be ((-9)/6)/3*-62. Let w = -15 + u. Suppose -n + 51 = w. Is n composite?
True
Suppose -2*h - 4*r + 860 = 0, 2*h = 2*r - 246 + 1082. Let n = 65 + h. Is n a prime number?
True
Suppose -5*b = -b - 20. Suppose 3*r = -2*k + 146, 3*k + 2*k + b*r - 355 = 0. Is k composite?
False
Is (-3580)/(-16) - (-6)/(-8) composite?
False
Let m be -34 + 1 + (-6)/3. Let t be 1 + -5 + 0/(-3). Let y = t - m. Is y prime?
True
Let m = 147 - -2. Is m a composite number?
False
Let t(j) = j**3 + 27*j**2 + 6*j + 45. Is t(-22) a prime number?
True
Let k(v) = -29*v + 2. Let m be k(2). Let a be -1 + -1 - (-3 + m). Suppose -4*r + 251 = -a. Is r composite?
True
Suppose 3*k = -5*g + 2, -3*k - 42 = 2*k - 3*g. Let h = 12 + k. Is h a composite number?
True
Let l(y) = y**2 - 4. Let g be l(3). Suppose p = -1 - 1, 0 = -g*q + p + 432. Is q a prime number?
False
Is 1*(142*5 - 1) a composite number?
False
Suppose 2*x + 0*x - 632 = -4*t, -3*t = 2*x - 475. Is t a composite number?
False
Let j = 2 - 1. Let f = 1 + j. Suppose -f*v + 0*v = -22. Is v a composite number?
False
Let q(c) = -c**3 + c**2 - c - 1. Suppose -s = s. Let z be q(s). Is (z + 0)*(1 + -36) composite?
True
Suppose -3*b + 15 = -5*w, -23 = -3*b - 3*w - 8. Suppose 158 = b*i - 3*f - 308, 4*i = -4*f + 392. Is i composite?
True
Is 1790/15 + 2/(-6) prime?
False
Let w = 692 - 385. Is w composite?
False
Let b(q) = 7*q**3 - 2*q**2 - q - 2. Let a be b(3). Let c = a - 87. Is c composite?
False
Let p(y) = y**2 - 5*y - 2. Let c be p(6). Let v = -10 - -10. Suppose v*b - 220 = -c*b. Is b a composite number?
True
Let g be ((-120)/(-28))/((-1)/161). Let x = g + 1103. Is x a prime number?
False
Suppose o = -o + 6. Is o composite?
False
Let u(w) = w**3 - 11*w**2 - 11*w - 5. Is u(16) a prime number?
False
Suppose -4*w - 4*n + 14 = -14, w = 4*n - 18. Let q(x) = -5*x + 1. Let j be q(-3). Let v = j - w. Is v a prime number?
False
Let s = 169 + -40. Is s a prime number?
False
Let a(r) be the second derivative of 23*r**5/20 - r**4/6 + r**3/6 + r**2/2 + 4*r. Is a(2) prime?
True
Suppose 482 = -4*v + 2222. Let d = v + -244. Is d a prime number?
True
Let f(q) = 1 - 21*q**3 - 21*q**3 - 2*q**2 + 0*q**2. Let i be f(-1). Let h = i - 10. Is h a prime number?
True
Let k(l) = -l**2 - 4*l. Let v be k(-2). Suppose 0 = -j + 3*j - v*n - 64, -3*n = 5*j - 95. Is j prime?
False
Let m(f) = -f**3 - 6*f**2 - 15*f + 17. Is m(-12) composite?
False
Let g be 51/9 + (-2)/3. Suppose 2*f - 4*w = -w + g, 4*f = 2*w + 22. Let s(a) = a**2 - 4*a - 10. Is s(f) prime?
True
Suppose -7*c = -5*c. Let t(q) = q**2 + 269. Is t(c) a composite number?
False
Let v(w) = -2*w**3 - 6*w**2 + 10*w + 7. Is v(-6) a composite number?
False
Let s be (6/(-8))/((-8)/(-928)). Let a = s - -122. Is a a prime number?
False
Let k = -58 - -202. Suppose -k = -5*w + n + 124, 3*w - 144 = -5*n. Is w composite?
False
Let o = 731 - -162. Is o a prime number?
False
Suppose 2*d + 0*d + 4 = -2*r, 2*r = 4*d - 22. Let k(n) = 30*n**3 + n. Let b be k(1). Suppose -d*s = -2*s - b. Is s a prime number?
True
Suppose 4*k = 5*z + 197, -2*z + 277 = 5*k + 2*z. Is k a prime number?
True
Let g(h) = -h**3 + 2*h**2 + 2*h + 691. Is g(0) a composite number?
False
Let x(m) = -335*m**3 - m + 1. Let v be x(1). Let p = v - -518. Is p prime?
False
Let b(n) = -n**2 - 14*n - 17. Let q be b(-12). Let l = -4 - -6. Is 24/l + (q - 5) composite?
True
Suppose -374 = -3*r - 47. Suppose -3*b + 919 = r. Suppose -5*n - b = -5*t, t + 3*n - 2 = 48. Is t prime?
True
Let b(t) = 7*t + 1. Is b(2) a composite number?
True
Let d be (1 - -1*4)